it of (-8)/(-24) + (-2)/6 + 72?
7
Let i(w) be the second derivative of -w**5/60 - 7*w**4/24 + 4*w**3/3 + 3*w**2/2 - w. Let k(t) be the first derivative of i(t). What is the units digit of k(-6)?
4
Suppose -2*y - y - 12 = -3*v, 3*v = 12. Suppose y*i - 12 = 4*i. What is the units digit of ((-3)/i)/((-2)/(-14))?
7
Let j be 264/56 - (-2)/7. Suppose 0 = -9*l + j*l + 12. Suppose 4*v + 72 = 5*m - 49, 0 = -5*m + l*v + 117. What is the tens digit of m?
2
Let d = 227 + -69. What is the hundreds digit of d?
1
Let p = 7 + -8. What is the units digit of (2*(-7)/2)/p?
7
Suppose 0 = k - 5*p - 113, k - 3*p = -0*k + 115. What is the units digit of k?
8
Suppose -2*h + k = 5*k + 12, 2*k + 10 = 0. Let b = 14 + h. Suppose -t = 2*t - b. What is the units digit of t?
6
What is the units digit of (8 - 13)/(1 + (-32)/31)?
5
Let p(j) = 4*j + 6. What is the tens digit of p(8)?
3
Let a(k) = -3*k - 6. Let j be a(-4). Suppose 75 = -y + j*y. What is the units digit of y?
5
Let l = 24 + -15. What is the units digit of l?
9
Suppose 5*c = 3*q + 22, q + 14 = c + 4*c. Suppose -22 = -c*s - 0*s. What is the units digit of s?
1
Suppose 300 = -6*a + a. Let n = a + 87. What is the units digit of ((-7)/(-3) + -2)*n?
9
Suppose 2*c + 24 = 6*c. Let o be (-1 + (-2)/(-6))*3. Let y = o + c. What is the units digit of y?
4
Let d = 130 + 31. What is the units digit of d?
1
Suppose 3*p - 9 = 3*n, -2*p = -n + 5*n. Suppose p*h - 7*h = -180. What is the units digit of h?
6
Suppose 0 = 4*k - 443 - 21. What is the tens digit of k?
1
Let o = -35 + 63. What is the units digit of o?
8
Let f = 0 - 4. Let q be (f + 2)/(2/39). What is the tens digit of 2/(-4)*(1 + q)?
1
Suppose f - 4 = 1. Suppose 3*o - 36 = -0*o. Let c = o - f. What is the units digit of c?
7
Let a(c) = c**2 + 5*c + 9. What is the units digit of a(-5)?
9
Let n = 21 - 9. Suppose 0 = b - 3*b + n. What is the units digit of b?
6
Let q(f) = 6*f + 8. Let w(r) = 7*r + 9. Let p(u) = -6*q(u) + 5*w(u). Let c be p(-8). Suppose -c*b + 1 + 9 = 0. What is the units digit of b?
2
Let i(h) = -2*h**2 - 13*h - 1. Let l be i(-6). Suppose -2*g + 4*v + 22 = -32, 36 = g - l*v. What is the tens digit of g?
2
Let y = -21 - -86. What is the units digit of y?
5
Suppose j - 11 = 10. What is the tens digit of j?
2
Let c(b) = -29*b + 26. What is the hundreds digit of c(-7)?
2
Let i = 105 + 11. What is the hundreds digit of i?
1
Let a(s) = s**3 - s**2 + 3*s - 2. What is the units digit of a(3)?
5
Suppose -m - 32 = 3*m. Let h be (-30)/m + 4/16. What is the units digit of 30/4 + 2/h?
8
Suppose -132 + 522 = 5*d. What is the tens digit of d?
7
Let g(o) = -2 - 5*o + 5*o + 1 - 3*o. Let u be g(-4). Let l = u + -10. What is the units digit of l?
1
Suppose -6*y + 1385 + 385 = 0. What is the tens digit of y?
9
Suppose -3*a = -2*a - 2. Suppose a*h - 15 = 5. What is the units digit of 42/h - 1/5?
4
Suppose -3*k = -5*n - 14, 2*n - 4*k = k - 17. What is the units digit of 0/n + 24/3?
8
Suppose -4*o - 4*f + 272 = 0, -2*o - 2*f - 284 = -6*o. What is the tens digit of o?
7
Let o = -22 + 20. What is the tens digit of (o/(-4))/(5/110)?
1
Let n(s) = s**3 - 4*s**2 - 11*s + 13. What is the tens digit of n(6)?
1
Let b = 23 + -33. Let j(x) = -x**3 - 5*x**2 - 7. Let s be j(-5). Let o = s - b. What is the units digit of o?
3
Suppose 0 = g + g + 2. Let i be ((-2)/2)/(g/13). Suppose -z - i = -5*j, 2*j - 11 = -4*z + 25. What is the units digit of z?
7
Suppose 15 = 3*x, 2*p - 3*x = -0*x + 197. What is the tens digit of p?
0
Let f = -12 + 16. Suppose 5*o - 3*o = -2, 0 = -5*x - f*o + 191. What is the tens digit of x?
3
Let d = 9 - 7. Suppose 5 = d*x + 1. Suppose 0 = -x*u + 5*k, 5*k + 2 = 5*u - 13. What is the units digit of u?
5
Let j(z) = -z**2 - 7*z - 2. Let r = -6 - -14. Let d = r - 13. What is the units digit of j(d)?
8
Let x be (1 - -1)*1/(-2). Let j = x + -1. What is the units digit of 1 + 8 + (-4 - j)?
7
What is the units digit of (3/(-9))/(1/(-159))?
3
Let t(o) = o**3 - 7*o - 12. What is the units digit of t(5)?
8
Suppose -44 = -4*m - 16. What is the units digit of m?
7
Let n(h) be the second derivative of -h**5/60 + h**4/3 - 2*h**3/3 + h**2/2 + h. Let v(d) be the first derivative of n(d). What is the units digit of v(7)?
3
Suppose 12*l + 150 = 702. What is the tens digit of l?
4
Suppose -10*q + 540 = -6*q. What is the tens digit of q?
3
Suppose -q - 4*q = -2*k - 8, 2*k + 8 = 0. Suppose -2*c + 3*s + 2 + 19 = q, 3*s + 18 = c. Suppose 27 = 4*a + c. What is the units digit of a?
6
Let w(x) = x**3 + 1. Let o be w(1). Suppose q + 1 = 2*t, o*q = -4*t - 5 + 27. Suppose -c = 4*z - 35, c - t*c = -5*z + 34. What is the units digit of z?
8
Let n be 1 + -3 - 0 - 2. What is the units digit of ((-7)/n)/((-2)/(-8))?
7
Suppose -m + 2*n - 2 = 3*n, -4*m + 8 = -4*n. Suppose 2*s = 4*w + 3*s - 12, m = -3*w + 2*s + 20. What is the units digit of w?
4
Let n(u) = u - 13. Let g be n(17). Suppose 0 = g*w + w - 150. What is the tens digit of w?
3
Let u(k) be the second derivative of k**5/20 + k**4/4 - k**3/6 + 3*k**2/2 - 2*k. What is the units digit of u(-3)?
6
Let z be (3/6 + 0)*4. Suppose -z*d - 38 = -4*d. What is the units digit of d?
9
Suppose 0 = 5*b - 10, -2*z = z - 5*b + 10. Let v be (0 + -1)*(z - 0). What is the units digit of ((-8)/(-2))/(v + 1)?
4
Let u = 15 - 30. Let v = -10 - u. Suppose v*y + 27 = 3*i, -9 = -i + 5*y - y. What is the units digit of i?
9
Suppose 114 = 4*h - 4*y - 38, 166 = 5*h + 3*y. Suppose -5*i - h = -4*s, -5*s + s + 29 = -3*i. What is the units digit of s?
5
Suppose 2*d - 2*l - 42 = -2*d, 5*l = 15. Suppose 3*m - d = 12. What is the units digit of m?
8
Suppose w + w = 8. What is the tens digit of 6/w*264/18?
2
Suppose -4*z = 5*w - 1, 3*w + 0*w - 2 = -z. Suppose 2*s - 3*d = 6, 0 = -4*d + 15 + w. What is the units digit of s?
9
Let f(l) = -l + 19. What is the units digit of f(8)?
1
Suppose -5*v - 51 + 866 = 0. What is the hundreds digit of v?
1
Let w(t) = -t**2 - 11*t - 7. Let p be w(-10). Let g(k) = -k + 18 + 6*k**2 - 4*k**2 - p*k**2 - k**3. What is the tens digit of g(0)?
1
Let d = 4 + -5. Let s = 11 + d. What is the units digit of s?
0
Let l(o) = 2*o**2 - o + 2. Let i be l(2). Let s be (18/(-12))/((-6)/i). Suppose -1 - s = -3*t. What is the units digit of t?
1
Suppose -5*j + 28 + 27 = 0. What is the units digit of j?
1
Let v be 320/48 + (-4)/6. What is the tens digit of v/21 + 384/28?
1
Suppose -111 - 165 = -4*v. What is the units digit of 1/4 - v/(-12)?
6
Let i be (-1)/4 + (-186)/24. Let p(q) = q**2 + 9*q + 8. Let a be p(i). Suppose a = 2*m - 2 - 0, 4*m = 3*j - 47. What is the tens digit of j?
1
Let m be (-21)/((6/(-3))/2). Let k = m - -11. Suppose -i = 4*j - 3, -4*i + j + k + 31 = 0. What is the units digit of i?
5
What is the tens digit of 1518/18 + 2/3?
8
What is the tens digit of (35/(-2) + 4)*-2?
2
What is the units digit of (-1)/((-2)/(-53))*-2?
3
Let p be 3 - (-2 + -7 + 2). What is the units digit of 4/p - 46/(-10)?
5
Suppose -g = -r + 4*r - 50, -g = -2*r - 30. What is the units digit of g?
8
Let x = 29 + -23. What is the units digit of x?
6
Let b(j) = j**2 - 5*j + 2. Suppose -i + 2 = -1. Let s be b(i). What is the units digit of 4 + 3/((-6)/s)?
6
Suppose 5*s - 2*s + 5*d = -73, 3*d - 1 = s. Let m = s - -26. Suppose -5*r = -m*r + 20. What is the units digit of r?
4
Let j = 6 - 10. Let x = j + -3. Let c = x - -14. What is the units digit of c?
7
Let w(q) = 3*q**3 + 34*q**2 + 24*q - 26. Let h(f) = 2*f**3 + 23*f**2 + 16*f - 17. Let n(b) = 7*h(b) - 5*w(b). What is the units digit of n(-8)?
1
Suppose h = l - 4 + 44, -h + 45 = -2*l. What is the tens digit of h?
3
Suppose -24 = 7*f - 11*f. Let t = 25 - f. What is the units digit of t?
9
Suppose -5*i = -10*i + 610. What is the units digit of i?
2
Let z be 1 + 0 + (1 - 1). Let o = z + 1. Suppose 4*c - 12 = 0, 2*n = -o*c + c + 29. What is the tens digit of n?
1
Let k(y) = -y**3 - 10*y**2 - 5*y + 9. Let r be k(-9). What is the tens digit of (-1565)/(-45) - 6/r?
3
Let j = -118 - -62. What is the units digit of (j/6)/((-4)/6)?
4
Let q(p) = -5*p. What is the tens digit of q(-2)?
1
Let s = -52 + 135. What is the tens digit of s?
8
Let l be 0/(5/(15/6)). Let n be 1*(9 - (l + 0)). What is the units digit of 6*(0 - n/(-6))?
9
Suppose -3*r + o = -55, -3*r - o = -3*o - 50. What is the units digit of r?
0
Let a(k) = -k**2 + 2*k + 36. What is the